ded by 18.
12
What is the remainder when 1774 is divided by 89?
83
Calculate the remainder when 42847 is divided by 69.
67
What is the remainder when 919 is divided by 33?
28
Calculate the remainder when 1152 is divided by 105.
102
What is the remainder when 17 is divided by 13?
4
Calculate the remainder when 346 is divided by 87.
85
What is the remainder when 606 is divided by 76?
74
Calculate the remainder when 252 is divided by 24.
12
What is the remainder when 116 is divided by 36?
8
What is the remainder when 645 is divided by 23?
1
Calculate the remainder when 1087 is divided by 273.
268
Calculate the remainder when 144 is divided by 79.
65
Calculate the remainder when 147 is divided by 33.
15
What is the remainder when 1024 is divided by 492?
40
Calculate the remainder when 274 is divided by 66.
10
Calculate the remainder when 267 is divided by 33.
3
Calculate the remainder when 330 is divided by 14.
8
Calculate the remainder when 1087 is divided by 487.
113
What is the remainder when 145 is divided by 19?
12
What is the remainder when 75 is divided by 14?
5
What is the remainder when 24 is divided by 4?
0
What is the remainder when 637 is divided by 60?
37
What is the remainder when 1112 is divided by 394?
324
Calculate the remainder when 461 is divided by 21.
20
What is the remainder when 540 is divided by 493?
47
Calculate the remainder when 1064 is divided by 13.
11
Calculate the remainder when 1143 is divided by 13.
12
What is the remainder when 249 is divided by 21?
18
Calculate the remainder when 1013 is divided by 331.
20
Calculate the remainder when 191 is divided by 33.
26
Calculate the remainder when 170 is divided by 46.
32
What is the remainder when 199 is divided by 40?
39
Calculate the remainder when 2780 is divided by 200.
180
Calculate the remainder when 2744 is divided by 9.
8
What is the remainder when 482 is divided by 37?
1
Calculate the remainder when 109 is divided by 28.
25
What is the remainder when 2534 is divided by 841?
11
What is the remainder when 19 is divided by 7?
5
What is the remainder when 1173 is divided by 118?
111
Calculate the remainder when 84 is divided by 23.
15
Calculate the remainder when 1093 is divided by 269.
17
Calculate the remainder when 435 is divided by 41.
25
What is the remainder when 53 is divided by 22?
9
What is the remainder when 177 is divided by 36?
33
What is the remainder when 2718 is divided by 16?
14
Calculate the remainder when 93 is divided by 5.
3
Calculate the remainder when 1343 is divided by 56.
55
Calculate the remainder when 21 is divided by 14.
7
What is the remainder when 775 is divided by 52?
47
Calculate the remainder when 167 is divided by 45.
32
What is the remainder when 481 is divided by 266?
215
Calculate the remainder when 65 is divided by 23.
19
What is the remainder when 2271 is divided by 680?
231
What is the remainder when 244 is divided by 216?
28
What is the remainder when 284 is divided by 180?
104
What is the remainder when 821 is divided by 562?
259
What is the remainder when 1786 is divided by 562?
100
Calculate the remainder when 11 is divided by 2.
1
Calculate the remainder when 189 is divided by 5.
4
What is the remainder when 7382 is divided by 23?
22
Calculate the remainder when 846 is divided by 121.
120
Calculate the remainder when 49034 is divided by 52.
50
Calculate the remainder when 132 is divided by 17.
13
Calculate the remainder when 1527 is divided by 10.
7
Calculate the remainder when 495 is divided by 109.
59
Calculate the remainder when 2096 is divided by 130.
16
What is the remainder when 7291 is divided by 13?
11
Calculate the remainder when 338 is divided by 35.
23
What is the remainder when 229 is divided by 10?
9
Calculate the remainder when 199 is divided by 20.
19
What is the remainder when 1364 is divided by 448?
20
What is the remainder when 287 is divided by 41?
0
What is the remainder when 5856 is divided by 279?
276
What is the remainder when 102 is divided by 25?
2
What is the remainder when 595 is divided by 151?
142
What is the remainder when 111 is divided by 44?
23
Calculate the remainder when 572 is divided by 261.
50
Calculate the remainder when 76 is divided by 16.
12
Calculate the remainder when 3715 is divided by 51.
43
Calculate the remainder when 87 is divided by 44.
43
Calculate the remainder when 266 is divided by 5.
1
What is the remainder when 3232 is divided by 49?
47
Calculate the remainder when 5510 is divided by 167.
166
Calculate the remainder when 1025 is divided by 257.
254
Calculate the remainder when 58 is divided by 19.
1
What is the remainder when 506 is divided by 162?
20
Calculate the remainder when 837 is divided by 4.
1
What is the remainder when 131 is divided by 28?
19
Calculate the remainder when 971 is divided by 162.
161
Calculate the remainder when 286 is divided by 17.
14
What is the remainder when 362 is divided by 22?
10
What is the remainder when 4833 is divided by 1611?
0
Calculate the remainder when 2027 is divided by 12.
11
Calculate the remainder when 30021 is divided by 34.
33
What is the remainder when 6974 is divided by 16?
14
Calculate the remainder when 372 is divided by 21.
15
Calculate the remainder when 247 is divided by 7.
2
Calculate the remainder when 394 is divided by 213.
181
What is the remainder when 60 is divided by 45?
15
Calculate the remainder when 41 is divided by 11.
8
What is the remainder when 872 is divided by 270?
62
What is the remainder when 1149 is divided by 15?
9
Calculate the remainder when 236 is divided by 79.
78
Calculate the remainder when 288 is divided by 22.
2
Calculate the remainder when 867 is divided by 297.
273
What is the remainder when 428 is divided by 121?
65
What is the remainder when 6645 is divided by 23?
21
What is the remainder when 1612 is divided by 6?
4
What is the remainder when 1603 is divided by 306?
73
Calculate the remainder when 124 is divided by 67.
57
Calculate the remainder when 10073 is divided by 13.
11
What is the remainder when 283 is divided by 58?
51
What is the remainder when 67 is divided by 49?
18
Calculate the remainder when 4117 is divided by 412.
409
Calculate the remainder when 1636 is divided by 42.
40
Calculate the remainder when 2153 is divided by 63.
11
Calculate the remainder when 17479 is divided by 92.
91
Calculate the remainder when 267 is divided by 18.
15
What is the remainder when 3188 is divided by 57?
53
Calculate the remainder when 89 is divided by 18.
17
Calculate the remainder when 182 is divided by 166.
16
Calculate the remainder when 669 is divided by 55.
9
What is the remainder when 477 is divided by 60?
57
What is the remainder when 1556 is divided by 1553?
3
What is the remainder when 258 is divided by 29?
26
Calculate the remainder when 1137 is divided by 1127.
10
What is the remainder when 1756 is divided by 81?
55
What is the remainder when 43 is divided by 11?
10
Calculate the remainder when 864 is divided by 15.
9
Calculate the remainder when 152 is divided by 111.
41
Calculate the remainder when 15091 is divided by 387.
385
What is the remainder when 55 is divided by 53?
2
Calculate the remainder when 260 is divided by 140.
120
What is the remainder when 1262 is divided by 79?
77
Calculate the remainder when 573 is divided by 96.
93
What is the remainder when 93 is divided by 89?
4
What is the remainder when 7 is divided by 2?
1
Calculate the remainder when 70 is divided by 13.
5
What is the remainder when 156 is divided by 83?
73
What is the remainder when 502 is divided by 65?
47
What is the remainder when 2964 is divided by 46?
20
Calculate the remainder when 254 is divided by 61.
10
Calculate the remainder when 1218 is divided by 15.
3
Calculate the remainder when 65 is divided by 12.
5
Calculate the remainder when 631 is divided by 234.
163
Calculate the remainder when 349 is divided by 59.
54
Calculate the remainder when 1643 is divided by 8.
3
What is the remainder when 540 is divided by 61?
52
Calculate the remainder when 11840 is divided by 54.
14
What is the remainder when 242 is divided by 48?
2
Calculate the remainder when 9875 is divided by 7.
5
What is the remainder when 124 is divided by 49?
26
Calculate the remainder when 6803 is divided by 69.
41
Cal